. What is the remainder when 74*1*(-2)/(-4) is divided by w/7*21/(-6)?
7
Let w = -17 - -26. Let j(o) = o**2 - 6*o - 9. What is the remainder when 33 is divided by j(w)?
15
Let u(g) = 8*g**2 + 5*g + 0*g**3 + 8 - g**3 - 6*g - g. Calculate the remainder when u(7) is divided by 15.
13
Calculate the remainder when 2076 is divided by -3*(29/(-2) + 4)*2.
60
Let d be (6/4)/(1/66). What is the remainder when (4/(-12))/((-102)/d + 1) is divided by 2?
1
Suppose -z + 1331 - 1273 = 0. What is the remainder when z is divided by 12?
10
Let v = 21 - 33. Calculate the remainder when 88 is divided by ((-90)/v)/(((-6)/8)/(-3)).
28
Let f(x) = -5*x + 31. What is the remainder when f(0) is divided by 17?
14
Let n = -24 - -26. Suppose n*u + 3 = o, 0 = -0*o - o - 3*u + 3. Let c(x) = 5*x + 8. Calculate the remainder when 89 is divided by c(o).
20
Let j be ((36/8)/(-3))/((-3)/(-4)). Let z = 48 - 28. What is the remainder when j + 37 + -2 + 4 is divided by z?
17
Let u = 124 + -118. Let j = 319 - 228. What is the remainder when u is divided by 14/j + 37/13?
0
Let t = 37 - 8. Calculate the remainder when 111 is divided by t.
24
Let w(h) = h**3 - 2*h**2 - 5*h + 2. Let p be 6 - (-1 - (-2 - 1)). Calculate the remainder when ((-20)/6)/((-2)/15) is divided by w(p).
11
Let f(p) = p + 23. What is the remainder when 84 is divided by f(-6)?
16
Let s(c) = -c**2 - 11*c - 8. Let r be s(-9). Suppose -r = 4*y - 130. Calculate the remainder when 87 is divided by y.
27
Let f = 70 - 59. Suppose 0 = t + 5*z + 118, -2*z + 0*z - 508 = 4*t. What is the remainder when ((-1)/2)/(2/t) is divided by f?
10
Let j(h) = -h**2 + 36*h + 79. What is the remainder when j(30) is divided by 33?
28
Suppose 2*g = 134 + 104. Calculate the remainder when g is divided by 15.
14
Suppose 2*x = -29 - 27. Calculate the remainder when -2 + (-330)/(-6) + (-36)/6 is divided by x/(-2) - (-2)/1.
15
Calculate the remainder when 53 is divided by 10*(-56)/(-96)*6.
18
Suppose 3*a - 63 = 168. Let f = 96 - a. What is the remainder when f is divided by 7?
5
Suppose 4*d + a + 0 = 12, -d - 4 = 2*a. Suppose w = 4*i + 3, 5*w - d*i + 41 = 8*w. Calculate the remainder when 53 is divided by w.
9
Suppose -238 = 19*h - 1872. Calculate the remainder when h is divided by 29.
28
Let c be (-4)/(-18) - (-68)/18. Suppose -l = -4*q + 115, -2*q - c*l = l - 63. Calculate the remainder when q is divided by 15.
14
Let c = -16 - -18. Suppose 0 = c*m - 3*m + 2. Let i(g) = 42*g - 5. What is the remainder when i(m) is divided by 20?
19
Let i(p) = 2*p + 12. Let o be i(-5). Suppose -o*z = -7*z + 1415. What is the remainder when z is divided by 57?
55
Let g = -130 - -139. Let v = -8 - -14. Let p(r) = -r + 10. What is the remainder when g is divided by p(v)?
1
Suppose 4 - 6 = -d. Let n be (-34)/(-10) + d/(-5). Suppose i = -2*i + n*j - 6, 0 = 2*i - j. Calculate the remainder when 5 is divided by i.
1
Let s(m) = -52*m + 740. Let i = 151 + -106. Calculate the remainder when i is divided by s(14).
9
Suppose -d + l + 402 = 0, -d + 2*l + 355 = -42. What is the remainder when d is divided by 69?
62
Calculate the remainder when 134 is divided by (-21 - -28)*(-31)/(-7).
10
Let k(q) = 16*q - 2. Let o = 10 - 7. Let u be k(o). Suppose 3*j = 2*r + u, 2*r - 5 = 3. What is the remainder when 34 is divided by j?
16
Suppose -95 = -11*k + 48. Calculate the remainder when 26 is divided by k.
0
Suppose 5*y + 26 - 330 = x, 200 = 3*y - 5*x. Let n(b) = 6*b**2 - 10*b + 11. Calculate the remainder when y is divided by n(1).
4
Let v(p) be the first derivative of -p**3/3 - 35*p**2/2 - 87*p - 31. What is the remainder when v(-27) is divided by 22?
19
Calculate the remainder when 178 is divided by (-20)/(-24) + (-5)/(-24)*116.
3
Let b = -12 - -4. Let i be (-8 + 4)/(b/6). Calculate the remainder when 29 is divided by 4 - 4 - (i - 14).
7
Let g(c) = 2*c - 15. Let r(l) = l**3 + 6*l**2 - 8*l + 2. Let z be r(-7). Calculate the remainder when 7 is divided by g(z).
1
Calculate the remainder when (-63)/(-5) - (-2)/5 is divided by 4.
1
Let i be -1*(-6 + 3) + -3. Suppose 0*h + 3*h = 5*m - 205, i = -2*m - 3*h + 82. Calculate the remainder when m is divided by -5*((-4)/(-16))/(5/(-44)).
8
Suppose -22*v = -19*v - 54. What is the remainder when -3 - 35*-2 - -2 is divided by v?
15
Let j(y) = y**3 + 7*y**2 + 5*y - 5. Let w be j(-6). Let o(p) = 6*p**3 - p + 1. Let r(i) = -2*i + 28. What is the remainder when o(w) is divided by r(13)?
0
Suppose 3*t = 2*t + v + 116, 12 = 4*v. Calculate the remainder when 132 is divided by t.
13
Let w = 75 + -26. Suppose 2*x - 5*r + 6*r - 31 = 0, 3*r + 94 = 5*x. What is the remainder when w is divided by x?
15
What is the remainder when 73 is divided by (125/10)/(16/32)?
23
Suppose 4*l - 261 = -5*l. Suppose -2*c - y = -0*c - 11, -l = -3*c + y. Let i = 9 - 4. What is the remainder when c is divided by i?
3
What is the remainder when 235 is divided by ((-27)/(-18))/(12/16) + 58?
55
Let n(q) = -q**3 + 7*q**2 + 6*q + 1. Suppose 82 = 3*a - 152. Suppose -62 = -5*t + a. Calculate the remainder when n(5) is divided by t.
25
Let l(k) = 5*k**2 + 1 - 6*k**3 - 2*k - 8*k**2 + 0*k**3 - 2. Suppose -3 = -n - 5. Calculate the remainder when l(n) is divided by 21.
18
Let q be (-3)/(-15) - 267/(-15). Suppose 0*x = -x + q. Calculate the remainder when 1/(2 + 210/(-106)) is divided by x.
17
Let m(c) be the second derivative of -c**3/6 + c**2/2 - 3*c. What is the remainder when (-505)/(-55) - 2/11 is divided by m(-4)?
4
Suppose -81 = -3*j - h + 93, 0 = 3*h. Suppose 235*q - 52 = -2*m + 232*q, -3*m + 3*q = -48. Calculate the remainder when j is divided by m.
18
Suppose -103 = -5*w - 6*i + 2*i, -w = 5*i - 8. Suppose 7 = -r + w. Calculate the remainder when r is divided by 4.
0
Suppose -12*o - 822 + 1086 = 0. What is the remainder when -1 + 1 + (1 - -42) is divided by o?
21
Let p = -1523 + 1662. What is the remainder when p is divided by 30?
19
Let q = 307 - 299. Let c be (-1)/4 - (-13)/4. Suppose -5*o = 3*l - 3, -o + 0*o - c*l - 9 = 0. Calculate the remainder when q is divided by o.
2
Let w = 20 - -2. Let d be (-3 + (0 - -1))*-8. Let y = -11 + d. Calculate the remainder when w is divided by y.
2
Suppose -57 = -7*c + 97. What is the remainder when c is divided by 12?
10
Suppose -3*c + 4*q = -210, -c = 2*q - 0*q - 70. Calculate the remainder when c is divided by 13.
5
Let k be (3 + 27)/3 - 1. Let j(i) = -i**3 + 9*i**2 + 3*i + 4. Calculate the remainder when j(k) is divided by 4.
3
Let b(k) = -k**3 - 11*k**2 - 18*k + 27. What is the remainder when 54 is divided by b(-9)?
0
Let w = 10 - 48. Let k = -30 - w. Calculate the remainder when 23 is divided by k.
7
Calculate the remainder when 878/18 - 8/(-36) is divided by -13*2/((-1 - 1)*1).
10
Suppose -6*i + 2*i = -56. Suppose -3*k + 7*k = 212. Calculate the remainder when k is divided by i.
11
Let s be (168/70)/((-2)/20). Let b = s - -28. What is the remainder when 28 is divided by (b/(-4))/((-4)/60)?
13
What is the remainder when (-119 + (2 - 3))*(-228)/190 is divided by 60?
24
Suppose 0 = -2*h - 4*p + 18, -p - 18 = -h - 3. Suppose -308 = -2*j + 7*j - 2*o, 3*o + 313 = -5*j. Let m = 113 + j. What is the remainder when m is divided by h?
12
Calculate the remainder when 226 is divided by (-4)/5 - (-832)/65.
10
Suppose 2*y - 639 - 245 = -2*l, 0 = -4*l + 2*y + 1780. What is the remainder when (l/(-9) - -3)/(1/(-3)) is divided by 28?
27
Suppose -4*a + 2 = -3*p - 2, -a = p - 8. What is the remainder when 21/(1 - p)*264/(-28) is divided by 23?
20
Let t = -83 - -128. Let y = -46 + 51. Suppose 4*v = -20, -y*v + 52 = 4*b - 19. Calculate the remainder when t is divided by b.
21
Let h = -116 - -135. What is the remainder when 36 is divided by h?
17
Let f(l) = -224*l - 1328. Let b(j) = j + 126. What is the remainder when b(0) is divided by f(-6)?
14
Suppose 426 = 3*z + 3*u, -u = 4*z - 386 - 176. Calculate the remainder when z is divided by 58.
24
Let m = 1766 - 1731. Suppose 18 = 2*i - 0*i. What is the remainder when m is divided by i?
8
Suppose -60*r = -37*r - 4094. Calculate the remainder when r is divided by 45.
43
Suppose -5*y + 242 = 6*y. Calculate the remainder when 144 is divided by y.
12
Let m be (-4)/20*50/(-2). Suppose -p + 6 = m*l - 117, 407 = 4*p + 3*l. What is the remainder when p is divided by 33?
32
Let g = -1698 + 1728. What is the remainder wh